{"id":442,"date":"2022-08-01T16:59:16","date_gmt":"2022-08-01T16:59:16","guid":{"rendered":"https:\/\/corporacionsolintec.com\/tiendacr\/?post_type=product&#038;p=442"},"modified":"2022-08-01T16:59:17","modified_gmt":"2022-08-01T16:59:17","slug":"drager-x-plore-5500-r55270","status":"publish","type":"product","link":"https:\/\/corporacionsolintec.com\/tiendacr\/producto\/drager-x-plore-5500-r55270\/","title":{"rendered":"Dr\u00e4ger X-plore 5500 &#8211; R55270"},"content":{"rendered":"<h1 id=\"tw-target-text\" class=\"tw-data-text tw-text-large tw-ta\" dir=\"ltr\" data-placeholder=\"Traducci\u00f3n\"><span class=\"Y2IQFc\" lang=\"es\">Dr\u00e4ger X-plore\u00ae 5500: lente de policarbonato<\/span><\/h1>\n<h2 class=\"a-size-base-plus a-text-bold\">Acerca de este producto<\/h2>\n<ul class=\"a-unordered-list a-vertical a-spacing-mini\">\n<li><span class=\"a-list-item\">EXCELENTE RESISTENCIA QU\u00cdMICA Y T\u00c9RMICA: Dr\u00e4ger X-plore 5500 es una m\u00e1scara respiratoria completa reutilizable, resistente a la suciedad y al envejecimiento, fabricada con materiales flexibles y respetuosos con la piel y con una excelente resistencia qu\u00edmica y t\u00e9rmica.<\/span><\/li>\n<li><span class=\"a-list-item\">GRAN CAMPO DE VISI\u00d3N (180\u00b0): El visor de plexigl\u00e1s sin niebla y resistente a los ara\u00f1azos tiene un dise\u00f1o de curvatura \u00fanica para eliminar la distorsi\u00f3n, adem\u00e1s el dise\u00f1o del filtro de \u00abperfil bajo\u00bb permite una visi\u00f3n perfecta.<\/span><\/li>\n<li><span class=\"a-list-item\">CONEXI\u00d3N DE BAYONET: Gracias a la conexi\u00f3n de bayoneta, la m\u00e1scara antig\u00e1s puede utilizarse con cualquier filtro de bayoneta Dr\u00e4ger para protegerse de las sustancias t\u00f3xicas, durante la construcci\u00f3n, los trabajos qu\u00edmicos, la pintura, la manipulaci\u00f3n de HAZMAT.<\/span><\/li>\n<li><span class=\"a-list-item\">SEGURO Y F\u00c1CIL DE USAR: F\u00e1cil de limpiar, poner y quitar. Las resistentes bandas de goma con hebillas de acero mantienen la m\u00e1scara c\u00f3modamente en su sitio, el marco de doble sellado garantiza la m\u00e1xima protecci\u00f3n.<\/span><\/li>\n<li><span class=\"a-list-item\">USO C\u00d3MODO Y CALIDAD CERTIFICADA: Gracias al cuerpo de la m\u00e1scara de EPDM y a un pr\u00e1ctico arn\u00e9s de 5 puntos para la cabeza, la m\u00e1scara es muy c\u00f3moda de llevar, incluso despu\u00e9s de varias horas de trabajo<\/span><\/li>\n<li>Aprobada por NIOSH<\/li>\n<\/ul>\n","protected":false},"excerpt":{"rendered":"<p>Dr\u00e4ger X-plore\u00ae 5500: lente de policarbonato Acerca de este producto EXCELENTE RESISTENCIA QU\u00cdMICA Y T\u00c9RMICA: Dr\u00e4ger X-plore 5500 es una m\u00e1scara respiratoria completa reutilizable, resistente a la suciedad y al envejecimiento, fabricada con materiales flexibles y respetuosos con la piel y con una excelente resistencia qu\u00edmica y t\u00e9rmica. GRAN CAMPO DE VISI\u00d3N (180\u00b0): El visor &hellip;<\/p>\n<p class=\"read-more\"> <a class=\"\" href=\"https:\/\/corporacionsolintec.com\/tiendacr\/producto\/drager-x-plore-5500-r55270\/\"> <span class=\"screen-reader-text\">Dr\u00e4ger X-plore 5500 &#8211; R55270<\/span> Leer m\u00e1s &raquo;<\/a><\/p>\n","protected":false},"featured_media":443,"comment_status":"open","ping_status":"closed","template":"","meta":{"site-sidebar-layout":"default","site-content-layout":"default","ast-global-header-display":"","ast-main-header-display":"","ast-hfb-above-header-display":"","ast-hfb-below-header-display":"","ast-hfb-mobile-header-display":"","site-post-title":"","ast-breadcrumbs-content":"","ast-featured-img":"","footer-sml-layout":"","theme-transparent-header-meta":"default","adv-header-id-meta":"","stick-header-meta":"","header-above-stick-meta":"","header-main-stick-meta":"","header-below-stick-meta":""},"product_cat":[29],"product_tag":[],"_links":{"self":[{"href":"https:\/\/corporacionsolintec.com\/tiendacr\/wp-json\/wp\/v2\/product\/442"}],"collection":[{"href":"https:\/\/corporacionsolintec.com\/tiendacr\/wp-json\/wp\/v2\/product"}],"about":[{"href":"https:\/\/corporacionsolintec.com\/tiendacr\/wp-json\/wp\/v2\/types\/product"}],"replies":[{"embeddable":true,"href":"https:\/\/corporacionsolintec.com\/tiendacr\/wp-json\/wp\/v2\/comments?post=442"}],"wp:featuredmedia":[{"embeddable":true,"href":"https:\/\/corporacionsolintec.com\/tiendacr\/wp-json\/wp\/v2\/media\/443"}],"wp:attachment":[{"href":"https:\/\/corporacionsolintec.com\/tiendacr\/wp-json\/wp\/v2\/media?parent=442"}],"wp:term":[{"taxonomy":"product_cat","embeddable":true,"href":"https:\/\/corporacionsolintec.com\/tiendacr\/wp-json\/wp\/v2\/product_cat?post=442"},{"taxonomy":"product_tag","embeddable":true,"href":"https:\/\/corporacionsolintec.com\/tiendacr\/wp-json\/wp\/v2\/product_tag?post=442"}],"curies":[{"name":"wp","href":"https:\/\/api.w.org\/{rel}","templated":true}]}}