{"id":457,"date":"2022-08-01T17:16:40","date_gmt":"2022-08-01T17:16:40","guid":{"rendered":"https:\/\/corporacionsolintec.com\/tiendacr\/?post_type=product&#038;p=457"},"modified":"2024-03-26T13:40:14","modified_gmt":"2024-03-26T13:40:14","slug":"drager-x-plore-6300-r55800","status":"publish","type":"product","link":"https:\/\/corporacionsolintec.com\/tiendacr\/producto\/drager-x-plore-6300-r55800\/","title":{"rendered":"Dr\u00e4ger X-plore 6300 &#8211; R55800"},"content":{"rendered":"<h1 id=\"tw-target-text\" class=\"tw-data-text tw-text-large tw-ta\" dir=\"ltr\" data-placeholder=\"Traducci\u00f3n\"><span class=\"Y2IQFc\" lang=\"es\">Dr\u00e4ger X-plore\u00ae 6300<br \/>\n<\/span><\/h1>\n<p>&nbsp;<\/p>\n<h2 class=\"a-size-base-plus a-text-bold\">Acerca de este producto<\/h2>\n<p>&nbsp;<\/p>\n<ul>\n<li>Cierre de Doble sello<\/li>\n<li>Excelente resistencia qu\u00edmica y t\u00e9rmica: Dr\u00e4ger X-plore 6300 es una m\u00e1scara respiradora reutilizable, resistente a la suciedad y al envejecimiento hecha de materiales flexibles y agradables al tacto con excelente resistencia qu\u00edmica y t\u00e9rmica.<\/li>\n<li>Fabricado en Alemania: la c\u00f3moda banda de 5 puntos garantiza no solo que sea r\u00e1pida y f\u00e1cil de poner. Producido bajo estrictos procesos de regulaci\u00f3n.<\/li>\n<li>Calidad certificada: la m\u00e1scara respiradora certificada por NIOSH es compatible con todos los cartuchos de filtro de m\u00e1scara de gas.<\/li>\n<li>Gran campo de visi\u00f3n (180\u00b0): la visera de plexigl\u00e1s sin niebla y resistente a los ara\u00f1azos tiene un dise\u00f1o de curvatura \u00fanico para eliminar la distorsi\u00f3n, adem\u00e1s de que el dise\u00f1o de filtro de perfil bajo permite una visi\u00f3n perfecta.<\/li>\n<li>Uso c\u00f3modo: gracias al cuerpo de la m\u00e1scara EPDM y un pr\u00e1ctico arn\u00e9s de cabeza de 5 puntos, la m\u00e1scara es muy c\u00f3moda de llevar, incluso despu\u00e9s de varias horas de trabajo.<\/li>\n<li>Sellado frontal de doble capa para una doble acci\u00f3n de sellado que garantiza un ajuste c\u00f3modo y ajustado.<\/li>\n<li>Con rosca est\u00e1ndar Rd 40 x 1\/7\u201d<\/li>\n<li>Tapa de v\u00e1lvula de exhalaci\u00f3n de pl\u00e1stico azul.<\/li>\n<li>Diafragma pl\u00e1stico del habla.<\/li>\n<li>Aprobado por NIOSH.<\/li>\n<\/ul>\n<p>&nbsp;<\/p>\n<p id=\"tw-target-text\" class=\"tw-data-text tw-text-large tw-ta\" dir=\"ltr\" data-placeholder=\"Traducci\u00f3n\"><span class=\"Y2IQFc\" lang=\"es\">\u00a0<\/span><\/p>\n","protected":false},"excerpt":{"rendered":"<p>Dr\u00e4ger X-plore\u00ae 6300 &nbsp; Acerca de este producto &nbsp; Cierre de Doble sello Excelente resistencia qu\u00edmica y t\u00e9rmica: Dr\u00e4ger X-plore 6300 es una m\u00e1scara respiradora reutilizable, resistente a la suciedad y al envejecimiento hecha de materiales flexibles y agradables al tacto con excelente resistencia qu\u00edmica y t\u00e9rmica. Fabricado en Alemania: la c\u00f3moda banda de 5 &hellip;<\/p>\n<p class=\"read-more\"> <a class=\"\" href=\"https:\/\/corporacionsolintec.com\/tiendacr\/producto\/drager-x-plore-6300-r55800\/\"> <span class=\"screen-reader-text\">Dr\u00e4ger X-plore 6300 &#8211; R55800<\/span> Leer m\u00e1s &raquo;<\/a><\/p>\n","protected":false},"featured_media":462,"comment_status":"open","ping_status":"closed","template":"","meta":{"site-sidebar-layout":"default","site-content-layout":"default","ast-global-header-display":"","ast-main-header-display":"","ast-hfb-above-header-display":"","ast-hfb-below-header-display":"","ast-hfb-mobile-header-display":"","site-post-title":"","ast-breadcrumbs-content":"","ast-featured-img":"","footer-sml-layout":"","theme-transparent-header-meta":"default","adv-header-id-meta":"","stick-header-meta":"","header-above-stick-meta":"","header-main-stick-meta":"","header-below-stick-meta":""},"product_cat":[29],"product_tag":[],"_links":{"self":[{"href":"https:\/\/corporacionsolintec.com\/tiendacr\/wp-json\/wp\/v2\/product\/457"}],"collection":[{"href":"https:\/\/corporacionsolintec.com\/tiendacr\/wp-json\/wp\/v2\/product"}],"about":[{"href":"https:\/\/corporacionsolintec.com\/tiendacr\/wp-json\/wp\/v2\/types\/product"}],"replies":[{"embeddable":true,"href":"https:\/\/corporacionsolintec.com\/tiendacr\/wp-json\/wp\/v2\/comments?post=457"}],"wp:featuredmedia":[{"embeddable":true,"href":"https:\/\/corporacionsolintec.com\/tiendacr\/wp-json\/wp\/v2\/media\/462"}],"wp:attachment":[{"href":"https:\/\/corporacionsolintec.com\/tiendacr\/wp-json\/wp\/v2\/media?parent=457"}],"wp:term":[{"taxonomy":"product_cat","embeddable":true,"href":"https:\/\/corporacionsolintec.com\/tiendacr\/wp-json\/wp\/v2\/product_cat?post=457"},{"taxonomy":"product_tag","embeddable":true,"href":"https:\/\/corporacionsolintec.com\/tiendacr\/wp-json\/wp\/v2\/product_tag?post=457"}],"curies":[{"name":"wp","href":"https:\/\/api.w.org\/{rel}","templated":true}]}}