{"id":499,"date":"2022-08-01T21:28:38","date_gmt":"2022-08-01T21:28:38","guid":{"rendered":"https:\/\/corporacionsolintec.com\/tiendacr\/?post_type=product&#038;p=499"},"modified":"2022-08-01T21:31:41","modified_gmt":"2022-08-01T21:31:41","slug":"drager-x-pect-8320","status":"publish","type":"product","link":"https:\/\/corporacionsolintec.com\/tiendacr\/producto\/drager-x-pect-8320\/","title":{"rendered":"Dr\u00e4ger X-pect 8320"},"content":{"rendered":"<h1 class=\"a-size-base-plus a-text-bold\">Acerca de este producto<\/h1>\n<p>&nbsp;<\/p>\n<h6>La nueva generaci\u00f3n: Gafas Dr\u00e4ger X-pect\u00ae8320. Esta serie es sin\u00f3nimo de fant\u00e1stico dise\u00f1o, ultraligero y m\u00e1ximo confort para un uso intensivo.<\/h6>\n<p>&nbsp;<\/p>\n<ul>\n<li>El material muy robusto y estable debido al material de policarbonato<\/li>\n<li>Protecci\u00f3n UV disponible y la mejor clase \u00f3ptica (clase 1) para trabajo continuo.<\/li>\n<li>Certificado EN 166: 2001.<\/li>\n<li>Cumple con CE.<\/li>\n<li>Color de lente: Claro<\/li>\n<li>Peso: 21 gramos<\/li>\n<li>Anti rayaduras<\/li>\n<li>Anti empa\u00f1amiento<\/li>\n<li>Puente nasal blando<\/li>\n<\/ul>\n","protected":false},"excerpt":{"rendered":"<p>Acerca de este producto &nbsp; La nueva generaci\u00f3n: Gafas Dr\u00e4ger X-pect\u00ae8320. Esta serie es sin\u00f3nimo de fant\u00e1stico dise\u00f1o, ultraligero y m\u00e1ximo confort para un uso intensivo. &nbsp; El material muy robusto y estable debido al material de policarbonato Protecci\u00f3n UV disponible y la mejor clase \u00f3ptica (clase 1) para trabajo continuo. Certificado EN 166: 2001. &hellip;<\/p>\n<p class=\"read-more\"> <a class=\"\" href=\"https:\/\/corporacionsolintec.com\/tiendacr\/producto\/drager-x-pect-8320\/\"> <span class=\"screen-reader-text\">Dr\u00e4ger X-pect 8320<\/span> Leer m\u00e1s &raquo;<\/a><\/p>\n","protected":false},"featured_media":500,"comment_status":"open","ping_status":"closed","template":"","meta":{"site-sidebar-layout":"default","site-content-layout":"default","ast-global-header-display":"","ast-main-header-display":"","ast-hfb-above-header-display":"","ast-hfb-below-header-display":"","ast-hfb-mobile-header-display":"","site-post-title":"","ast-breadcrumbs-content":"","ast-featured-img":"","footer-sml-layout":"","theme-transparent-header-meta":"default","adv-header-id-meta":"","stick-header-meta":"","header-above-stick-meta":"","header-main-stick-meta":"","header-below-stick-meta":""},"product_cat":[30],"product_tag":[],"_links":{"self":[{"href":"https:\/\/corporacionsolintec.com\/tiendacr\/wp-json\/wp\/v2\/product\/499"}],"collection":[{"href":"https:\/\/corporacionsolintec.com\/tiendacr\/wp-json\/wp\/v2\/product"}],"about":[{"href":"https:\/\/corporacionsolintec.com\/tiendacr\/wp-json\/wp\/v2\/types\/product"}],"replies":[{"embeddable":true,"href":"https:\/\/corporacionsolintec.com\/tiendacr\/wp-json\/wp\/v2\/comments?post=499"}],"wp:featuredmedia":[{"embeddable":true,"href":"https:\/\/corporacionsolintec.com\/tiendacr\/wp-json\/wp\/v2\/media\/500"}],"wp:attachment":[{"href":"https:\/\/corporacionsolintec.com\/tiendacr\/wp-json\/wp\/v2\/media?parent=499"}],"wp:term":[{"taxonomy":"product_cat","embeddable":true,"href":"https:\/\/corporacionsolintec.com\/tiendacr\/wp-json\/wp\/v2\/product_cat?post=499"},{"taxonomy":"product_tag","embeddable":true,"href":"https:\/\/corporacionsolintec.com\/tiendacr\/wp-json\/wp\/v2\/product_tag?post=499"}],"curies":[{"name":"wp","href":"https:\/\/api.w.org\/{rel}","templated":true}]}}