{"id":525,"date":"2022-08-01T22:11:41","date_gmt":"2022-08-01T22:11:41","guid":{"rendered":"https:\/\/corporacionsolintec.com\/tiendacr\/?post_type=product&#038;p=525"},"modified":"2022-08-01T22:14:53","modified_gmt":"2022-08-01T22:14:53","slug":"drager-x-pect-8515","status":"publish","type":"product","link":"https:\/\/corporacionsolintec.com\/tiendacr\/producto\/drager-x-pect-8515\/","title":{"rendered":"Dr\u00e4ger X-pect 8515"},"content":{"rendered":"<h1 class=\"a-size-base-plus a-text-bold\">Acerca de este producto<\/h1>\n<p>&nbsp;<\/p>\n<h6>Equipado con lente de acetato de alta resistencia qu\u00edmica y dise\u00f1o envolvente para una protecci\u00f3n aut\u00e9ntica.<\/h6>\n<p>&nbsp;<\/p>\n<ul>\n<li>Lente de Acetato<\/li>\n<li>Marco de Cloruro de polivinilo<\/li>\n<li>Protecci\u00f3n UV disponible y la mejor clase \u00f3ptica (clase 1) para trabajo continuo.<\/li>\n<li>Certificado EN 166: 2001<\/li>\n<li>Cumple con CE.<\/li>\n<li>Color de lente: Claro<\/li>\n<li>Protector de cejas<\/li>\n<li>Peso: 86 gramos<\/li>\n<li>Anti rayadura<\/li>\n<li>Anti empa\u00f1amiento<\/li>\n<\/ul>\n<p>&nbsp;<\/p>\n","protected":false},"excerpt":{"rendered":"<p>Acerca de este producto &nbsp; Equipado con lente de acetato de alta resistencia qu\u00edmica y dise\u00f1o envolvente para una protecci\u00f3n aut\u00e9ntica. &nbsp; Lente de Acetato Marco de Cloruro de polivinilo Protecci\u00f3n UV disponible y la mejor clase \u00f3ptica (clase 1) para trabajo continuo. Certificado EN 166: 2001 Cumple con CE. Color de lente: Claro Protector &hellip;<\/p>\n<p class=\"read-more\"> <a class=\"\" href=\"https:\/\/corporacionsolintec.com\/tiendacr\/producto\/drager-x-pect-8515\/\"> <span class=\"screen-reader-text\">Dr\u00e4ger X-pect 8515<\/span> Leer m\u00e1s &raquo;<\/a><\/p>\n","protected":false},"featured_media":527,"comment_status":"open","ping_status":"closed","template":"","meta":{"site-sidebar-layout":"default","site-content-layout":"default","ast-global-header-display":"","ast-main-header-display":"","ast-hfb-above-header-display":"","ast-hfb-below-header-display":"","ast-hfb-mobile-header-display":"","site-post-title":"","ast-breadcrumbs-content":"","ast-featured-img":"","footer-sml-layout":"","theme-transparent-header-meta":"default","adv-header-id-meta":"","stick-header-meta":"","header-above-stick-meta":"","header-main-stick-meta":"","header-below-stick-meta":""},"product_cat":[30],"product_tag":[],"_links":{"self":[{"href":"https:\/\/corporacionsolintec.com\/tiendacr\/wp-json\/wp\/v2\/product\/525"}],"collection":[{"href":"https:\/\/corporacionsolintec.com\/tiendacr\/wp-json\/wp\/v2\/product"}],"about":[{"href":"https:\/\/corporacionsolintec.com\/tiendacr\/wp-json\/wp\/v2\/types\/product"}],"replies":[{"embeddable":true,"href":"https:\/\/corporacionsolintec.com\/tiendacr\/wp-json\/wp\/v2\/comments?post=525"}],"wp:featuredmedia":[{"embeddable":true,"href":"https:\/\/corporacionsolintec.com\/tiendacr\/wp-json\/wp\/v2\/media\/527"}],"wp:attachment":[{"href":"https:\/\/corporacionsolintec.com\/tiendacr\/wp-json\/wp\/v2\/media?parent=525"}],"wp:term":[{"taxonomy":"product_cat","embeddable":true,"href":"https:\/\/corporacionsolintec.com\/tiendacr\/wp-json\/wp\/v2\/product_cat?post=525"},{"taxonomy":"product_tag","embeddable":true,"href":"https:\/\/corporacionsolintec.com\/tiendacr\/wp-json\/wp\/v2\/product_tag?post=525"}],"curies":[{"name":"wp","href":"https:\/\/api.w.org\/{rel}","templated":true}]}}