{"id":575,"date":"2022-08-03T15:56:54","date_gmt":"2022-08-03T15:56:54","guid":{"rendered":"https:\/\/corporacionsolintec.com\/tiendacr\/?post_type=product&#038;p=575"},"modified":"2022-08-03T15:56:54","modified_gmt":"2022-08-03T15:56:54","slug":"drager-alcotest-4000","status":"publish","type":"product","link":"https:\/\/corporacionsolintec.com\/tiendacr\/producto\/drager-alcotest-4000\/","title":{"rendered":"Dr\u00e4ger Alcotest 4000"},"content":{"rendered":"<h1 class=\"a-size-base-plus a-text-bold\">Acerca de este producto<\/h1>\n<p>&nbsp;<\/p>\n<h6 id=\"title\" class=\"a-size-large a-spacing-none\"><span id=\"productTitle\" class=\"a-size-large product-title-word-break\">El Alcotest 4000 puede detectar el alcohol en el aire expirado de las personas y utiliza la misma tecnolog\u00eda y la misma precisi\u00f3n que los dispositivos de prueba de alcohol que utiliza la polic\u00eda. La alta precisi\u00f3n, la facilidad de uso, as\u00ed como una bater\u00eda de larga duraci\u00f3n, son las caracter\u00edsticas m\u00e1s importantes del Alcotest 4000, el alcohol\u00edmetro de alta calidad de Dr\u00e4ger.<\/span><\/h6>\n<p>&nbsp;<\/p>\n<ul class=\"a-unordered-list a-vertical a-spacing-mini\">\n<li><span class=\"a-list-item\">ALTA CALIDAD: Los alcohol\u00edmetros Dr\u00e4ger son fabricados en Alemania y hechos de materiales resistentes, para facilitar y agilizar la medici\u00f3n del nivel de alcohol.<\/span><\/li>\n<li><span class=\"a-list-item\">USO PR\u00c1CTICO: Este etil\u00f3metro 4000 digital higi\u00e9nico est\u00e1 dise\u00f1ado para una preparaci\u00f3n r\u00e1pida en la medici\u00f3n de alcohol y para un an\u00e1lisis preciso gracias a su sensor de electroqu\u00edmicos.<\/span><\/li>\n<li><span class=\"a-list-item\">EQUIPAMIENTO INTEGRADO: Alcohol\u00edmetro digital con 3 boquillas, 1 bater\u00eda recargable integrada, una bolsa protectora de microfibra e instrucciones detalladas para su uso multiling\u00fce.<\/span><\/li>\n<li><span class=\"a-list-item\">LARGA DURABILIDAD: Un producto electr\u00f3nico que se encuentra entre los mejores de su clase y que agiliza el trabajo de la polic\u00eda. M\u00e1s de 1500 pruebas de alcohol posibles con solo una carga.<\/span><\/li>\n<li><span class=\"a-list-item\">DISE\u00d1O PROFESIONAL: El medidor de alcohol de Dr\u00e4ger Alcotest 4000 cuenta con una pantalla retroiluminada e intuitiva y un men\u00fa digital seleccionable en espa\u00f1ol, alem\u00e1n, franc\u00e9s, ingl\u00e9s etc.<\/span><\/li>\n<\/ul>\n","protected":false},"excerpt":{"rendered":"<p><a href=\"https:\/\/www.draeger.com\/Products\/Content\/alcotest-4000-pi-9110246-es-es.pdf\">Ficha T\u00e9cnica<\/a><\/p>\n","protected":false},"featured_media":579,"comment_status":"open","ping_status":"closed","template":"","meta":{"site-sidebar-layout":"default","site-content-layout":"default","ast-global-header-display":"","ast-main-header-display":"","ast-hfb-above-header-display":"","ast-hfb-below-header-display":"","ast-hfb-mobile-header-display":"","site-post-title":"","ast-breadcrumbs-content":"","ast-featured-img":"","footer-sml-layout":"","theme-transparent-header-meta":"default","adv-header-id-meta":"","stick-header-meta":"","header-above-stick-meta":"","header-main-stick-meta":"","header-below-stick-meta":""},"product_cat":[32],"product_tag":[],"_links":{"self":[{"href":"https:\/\/corporacionsolintec.com\/tiendacr\/wp-json\/wp\/v2\/product\/575"}],"collection":[{"href":"https:\/\/corporacionsolintec.com\/tiendacr\/wp-json\/wp\/v2\/product"}],"about":[{"href":"https:\/\/corporacionsolintec.com\/tiendacr\/wp-json\/wp\/v2\/types\/product"}],"replies":[{"embeddable":true,"href":"https:\/\/corporacionsolintec.com\/tiendacr\/wp-json\/wp\/v2\/comments?post=575"}],"wp:featuredmedia":[{"embeddable":true,"href":"https:\/\/corporacionsolintec.com\/tiendacr\/wp-json\/wp\/v2\/media\/579"}],"wp:attachment":[{"href":"https:\/\/corporacionsolintec.com\/tiendacr\/wp-json\/wp\/v2\/media?parent=575"}],"wp:term":[{"taxonomy":"product_cat","embeddable":true,"href":"https:\/\/corporacionsolintec.com\/tiendacr\/wp-json\/wp\/v2\/product_cat?post=575"},{"taxonomy":"product_tag","embeddable":true,"href":"https:\/\/corporacionsolintec.com\/tiendacr\/wp-json\/wp\/v2\/product_tag?post=575"}],"curies":[{"name":"wp","href":"https:\/\/api.w.org\/{rel}","templated":true}]}}