{"id":886,"date":"2022-08-26T21:50:27","date_gmt":"2022-08-26T21:50:27","guid":{"rendered":"https:\/\/corporacionsolintec.com\/tiendacr\/?post_type=product&#038;p=886"},"modified":"2022-08-30T14:55:03","modified_gmt":"2022-08-30T14:55:03","slug":"drager-x-plore-7300-2-pad-bateria","status":"publish","type":"product","link":"https:\/\/corporacionsolintec.com\/tiendacr\/producto\/drager-x-plore-7300-2-pad-bateria\/","title":{"rendered":"Dr\u00e4ger X-plore\u00ae 7300 2 Pad Bater\u00eda"},"content":{"rendered":"<p>El Dr\u00e4ger X-plore<sup>\u00ae<\/sup> 7300 es un equipo respiratorio filtrante motorizado id\u00f3neo para atm\u00f3sferas con part\u00edculas peligrosas. Ideal para el uso en ambientes polvorientos: trabajos de lijado y sobre madera, varios tipos de soldadura y aplicaciones farmac\u00e9uticas.<\/p>\n<div class=\"accordion ng-star-inserted\">\n<header class=\"accordion-header active\">\n<div class=\"left\">\n<ul>\n<li>Panel de control multifuncional: El panel de control multifuncional de f\u00e1cil lectura ofrece un control constante del estado de la bater\u00eda y del desgaste del filtro. El flujo de aire tambi\u00e9n puede ajustarse individualmente a trav\u00e9s del panel de control multifuncional. As\u00ed, todo est\u00e1 bajo control con solo pulsar un bot\u00f3n.<\/li>\n<\/ul>\n<\/div>\n<\/header>\n<\/div>\n<div class=\"accordion ng-star-inserted\">\n<header class=\"accordion-header active\">\n<div class=\"left\">\n<ul>\n<li>Gran versatilidad: Hay un amplio programa disponible de cascos, capuchas y visores Dr\u00e4ger X-plore, as\u00ed como semim\u00e1scaras y m\u00e1scaras completas, para las m\u00e1s variadas aplicaciones. El equipo filtrante motorizado ha sido probado y homologado de acuerdo con las normas EN 12942 o EN 12941.<\/li>\n<\/ul>\n<\/div>\n<\/header>\n<\/div>\n<div class=\"accordion ng-star-inserted\">\n<header class=\"accordion-header active\">\n<div class=\"left\">\n<ul>\n<li>Colocaci\u00f3n f\u00e1cil del filtro: El X-plore 7300 tambi\u00e9n puede funcionar, bajo pedido, con prefiltros y filtros antiolor.<\/li>\n<\/ul>\n<\/div>\n<\/header>\n<\/div>\n<div class=\"accordion ng-star-inserted\">\n<header class=\"accordion-header active\">\n<div class=\"left\">\n<ul>\n<li>Equipos de alarma ac\u00fastica y visual: Alcanzar el fin de la vida \u00fatil de los filtros o de la bater\u00eda, el aumento de la resistencia o la reducci\u00f3n del flujo de aire son situaciones potencialmente peligrosas que se indican mediante un parpadeo visible en la pantalla y un sonido intenso de aviso.<\/li>\n<\/ul>\n<\/div>\n<\/header>\n<\/div>\n<div class=\"accordion ng-star-inserted\">\n<header class=\"accordion-header active\">\n<div class=\"left\">\n<ul>\n<li>Potente bater\u00eda de NiMH: La duraci\u00f3n de la bater\u00eda de NiMH, respetuosa con el medio ambiente, alcanza las 15 horas y garantiza la m\u00e1xima movilidad e independencia. La bater\u00eda de NiMH puede cargarse por separado o mientras est\u00e1 instalada en el equipo<\/li>\n<\/ul>\n<p class=\"tw-data-text tw-text-large tw-ta\" dir=\"ltr\" data-placeholder=\"Traducci\u00f3n\">\n<\/div>\n<\/header>\n<\/div>\n<header class=\"accordion-header active\">\n<div class=\"left\">\n<ul>\n<li style=\"list-style-type: none;\"><\/li>\n<\/ul>\n<\/div>\n<\/header>\n","protected":false},"excerpt":{"rendered":"<p id=\"tw-target-text\" class=\"tw-data-text tw-text-large tw-ta\" dir=\"ltr\" data-placeholder=\"Traducci\u00f3n\"><span class=\"Y2IQFc\" lang=\"es\">Un juego completo consta de los siguientes componentes: <\/span><\/p>\n<p class=\"tw-data-text tw-text-large tw-ta\" dir=\"ltr\" data-placeholder=\"Traducci\u00f3n\"><span class=\"Y2IQFc\" lang=\"es\">1. unidad de soplado SKU: R56750 <\/span><\/p>\n<p class=\"tw-data-text tw-text-large tw-ta\" dir=\"ltr\" data-placeholder=\"Traducci\u00f3n\"><span class=\"Y2IQFc\" lang=\"es\">2. Bater\u00eda de NiMH SKU: R55343<\/span><\/p>\n<p class=\"tw-data-text tw-text-large tw-ta\" dir=\"ltr\" data-placeholder=\"Traducci\u00f3n\"><span class=\"Y2IQFc\" lang=\"es\">3. cargador de bater\u00eda SKU: R63485<br \/>\n<\/span><\/p>\n<p><a href=\"https:\/\/www.draeger.com\/Products\/Content\/x-plore-7300-pi-9103095-es.pdf\">Ficha t\u00e9cnica<\/a><\/p>\n","protected":false},"featured_media":903,"comment_status":"open","ping_status":"closed","template":"","meta":{"site-sidebar-layout":"default","site-content-layout":"default","ast-global-header-display":"","ast-main-header-display":"","ast-hfb-above-header-display":"","ast-hfb-below-header-display":"","ast-hfb-mobile-header-display":"","site-post-title":"","ast-breadcrumbs-content":"","ast-featured-img":"","footer-sml-layout":"","theme-transparent-header-meta":"default","adv-header-id-meta":"","stick-header-meta":"","header-above-stick-meta":"","header-main-stick-meta":"","header-below-stick-meta":""},"product_cat":[59],"product_tag":[],"_links":{"self":[{"href":"https:\/\/corporacionsolintec.com\/tiendacr\/wp-json\/wp\/v2\/product\/886"}],"collection":[{"href":"https:\/\/corporacionsolintec.com\/tiendacr\/wp-json\/wp\/v2\/product"}],"about":[{"href":"https:\/\/corporacionsolintec.com\/tiendacr\/wp-json\/wp\/v2\/types\/product"}],"replies":[{"embeddable":true,"href":"https:\/\/corporacionsolintec.com\/tiendacr\/wp-json\/wp\/v2\/comments?post=886"}],"wp:featuredmedia":[{"embeddable":true,"href":"https:\/\/corporacionsolintec.com\/tiendacr\/wp-json\/wp\/v2\/media\/903"}],"wp:attachment":[{"href":"https:\/\/corporacionsolintec.com\/tiendacr\/wp-json\/wp\/v2\/media?parent=886"}],"wp:term":[{"taxonomy":"product_cat","embeddable":true,"href":"https:\/\/corporacionsolintec.com\/tiendacr\/wp-json\/wp\/v2\/product_cat?post=886"},{"taxonomy":"product_tag","embeddable":true,"href":"https:\/\/corporacionsolintec.com\/tiendacr\/wp-json\/wp\/v2\/product_tag?post=886"}],"curies":[{"name":"wp","href":"https:\/\/api.w.org\/{rel}","templated":true}]}}