{"id":981,"date":"2022-08-30T17:41:09","date_gmt":"2022-08-30T17:41:09","guid":{"rendered":"https:\/\/corporacionsolintec.com\/tiendacr\/?post_type=product&#038;p=981"},"modified":"2022-08-30T17:51:00","modified_gmt":"2022-08-30T17:51:00","slug":"drager-pac-6500","status":"publish","type":"product","link":"https:\/\/corporacionsolintec.com\/tiendacr\/producto\/drager-pac-6500\/","title":{"rendered":"Dr\u00e4ger Pac 6500"},"content":{"rendered":"<p>El robusto Dr\u00e4ger Pac<sup>\u00ae<\/sup>\u00a06500 es su fiel compa\u00f1ero en las condiciones m\u00e1s adversas. El dispositivo personal de detecci\u00f3n monog\u00e1s mide el CO, H<sub>2<\/sub>S, SO<sub>2<\/sub>\u00a0u O<sub>2<\/sub>\u00a0de forma r\u00e1pida y precisa. Los datos medidos pueden transmitirse f\u00e1cilmente al sistema Dr\u00e4ger Gas Detection Connect a trav\u00e9s de Bluetooth<sup>\u00ae<\/sup>. Los r\u00e1pidos tiempos de respuesta del sensor y su potente bater\u00eda tambi\u00e9n garantizan la seguridad.<\/p>\n<header class=\"accordion-header active\">\n<div class=\"left\">\n<h6>Detector monog\u00e1s<\/h6>\n<\/div>\n<\/header>\n<div class=\"accordion-panel\">\n<ul>\n<li>Para la monitorizaci\u00f3n personal de aire<\/li>\n<li>Detecci\u00f3n de mon\u00f3xido de carbono, ox\u00edgeno, \u00e1cido sulfh\u00eddrico o di\u00f3xido de azufre<\/li>\n<li>No desechable<\/li>\n<\/ul>\n<header class=\"accordion-header active\">\n<div class=\"left\">\n<h6>Gran rendimiento para una seguridad m\u00e1xima<\/h6>\n<\/div>\n<\/header>\n<div class=\"accordion-panel\">\n<ul>\n<li>Puede confiar en el Dr\u00e4ger Pac 6500: el equipo monog\u00e1s de detecci\u00f3n individual advierte de concentraciones peligrosas de mon\u00f3xido de carbono, \u00e1cido sulfh\u00eddrico, di\u00f3xido de azufre u ox\u00edgeno con gran precisi\u00f3n\u00a0y fiabilidad.<\/li>\n<li>Los potentes sensores, con un tiempo de respuesta t-90 muy bajo, garantizan una r\u00e1pida reacci\u00f3n. La versatilidad del Pac 6500 radica en su amplio rango de medici\u00f3n. Por ejemplo, el sensor de CO mide las concentraciones de 1 a 1.999 ppm, y el sensor de H<sub>2<\/sub>S, de 0,4 a 100 ppm.<\/li>\n<\/ul>\n<header class=\"accordion-header active\">\n<div class=\"left\">\n<h6>F\u00e1cil manejo gracias a una gu\u00eda clara para el usuario<\/h6>\n<\/div>\n<\/header>\n<div class=\"accordion-panel\">\n<ul>\n<li>La luz D indica si se ha comprobado el funcionamiento del dispositivo y si est\u00e1 listo para su uso. La carcasa tambi\u00e9n se ha dise\u00f1ado poniendo \u00e9nfasis en la seguridad: cada tipo de sensor del Dr\u00e4ger Pac 6500 emplea un c\u00f3digo de colores claramente visible que minimiza las posibilidades de error.<\/li>\n<\/ul>\n<header class=\"accordion-header active\">\n<div class=\"left\">\n<h6>Dise\u00f1o robusto, incluso para las condiciones m\u00e1s exigentes<\/h6>\n<\/div>\n<\/header>\n<div class=\"accordion-panel\">\n<ul>\n<li>El Pac 6500 puede afrontar f\u00e1cilmente las condiciones m\u00e1s extremas. Dependiendo del sensor, puede tolerar temperaturas de entre -40\u00a0\u00b0C y 55\u00a0\u00b0C y presiones atmosf\u00e9ricas de entre 700 y 1300\u00a0mbar.<\/li>\n<li>Un filtro de membrana protege el sensor de la entrada de elementos extra\u00f1os, como polvo y l\u00edquidos. La carcasa a prueba de golpes y resistente a los productos qu\u00edmicos cumple con los requisitos especificados de la norma IP68.<\/li>\n<\/ul>\n<header class=\"accordion-header active\">\n<div class=\"left\">\n<h6>Pantalla f\u00e1cil de usar con toda la informaci\u00f3n importante<\/h6>\n<\/div>\n<\/header>\n<div class=\"accordion-panel\">\n<ul>\n<li>La pantalla de grandes dimensiones no muestra texto e indica claramente la concentraci\u00f3n de gas correspondiente. Tambi\u00e9n se muestran otros datos importantes, como la capacidad de la bater\u00eda. Su retroiluminaci\u00f3n garantiza una lectura clara de todos los valores en la oscuridad.<\/li>\n<\/ul>\n<header class=\"accordion-header active\">\n<div class=\"left\">\n<h6>Alarma 360\u00b0 con varias funciones<\/h6>\n<\/div>\n<ul>\n<li class=\"right accordion-toggle-wrapper\">Si el Dr\u00e4ger Pac 6500 mide concentraciones de gas peligrosas, emite una alarma ac\u00fastica, visual y vibratoria claramente perceptibles. Los dos LED intermitentes y luminosos de la parte superior e inferior del dispositivo garantizan que la alarma sea f\u00e1cilmente visible desde cualquier \u00e1ngulo. La se\u00f1al ac\u00fastica alcanza un volumen de 90 dB. La pantalla puede mostrar la concentraci\u00f3n m\u00e1xima que se haya medido en cualquier momento. Tambi\u00e9n pueden recuperarse alarmas registradas con anterioridad, aun cuando hayan sido validadas.<\/li>\n<li class=\"right accordion-toggle-wrapper\">Adem\u00e1s del umbral de configuraci\u00f3n est\u00e1ndar, el Pac 6500 con sensor de ox\u00edgeno presenta dos umbrales de alarma adicionales.<\/li>\n<\/ul>\n<header class=\"accordion-header active\">\n<div class=\"left\">\n<h6>Registrador de datos y de eventos para an\u00e1lisis e informes<\/h6>\n<\/div>\n<\/header>\n<div class=\"accordion-panel\">\n<ul>\n<li>El Dr\u00e4ger Pac 6500 registra las concentraciones y los eventos junto con la fecha y la hora. Los datos se pueden transferir f\u00e1cilmente a un ordenador para su posterior procesamiento. Con el nuevo sistema Gas Detection Connect, y por lo tanto, con las estaciones X-dock integradas, puede ver y descargar los registros desde un sistema central de gesti\u00f3n de activos basado en la nube. Disponible en cualquier momento y lugar.<\/li>\n<\/ul>\n<header class=\"accordion-header active\">\n<div class=\"left\">\n<h6>Comunicaci\u00f3n Bluetooth<sup>\u00ae<\/sup><\/h6>\n<\/div>\n<\/header>\n<div class=\"accordion-panel\">\n<ul>\n<li>Con el nuevo Pac con Bluetooth<sup>\u00ae<\/sup>, puede transmitir al sistema Dr\u00e4ger Gas Detection Connect los valores de medici\u00f3n de forma inal\u00e1mbrica y en tiempo real. Puede rastrear f\u00e1cilmente la ubicaci\u00f3n del trabajador y su Pac conectando el dispositivo a la aplicaci\u00f3n app Gas Detection Connect. Los dispositivos Dr\u00e4ger Pac se pueden integrar en aplicaciones de terceros a trav\u00e9s del protocolo OpenGATT.<\/li>\n<\/ul>\n<header class=\"accordion-header active\">\n<div class=\"left\">\n<h6>Bajo coste de funcionamiento<\/h6>\n<\/div>\n<\/header>\n<div class=\"accordion-panel\">\n<ul>\n<li>Todas las versiones del Pac 6500 est\u00e1n equipadas con Dr\u00e4gerSensors<sup>\u00ae<\/sup>\u00a0extraordinariamente duraderos, y con una potente bater\u00eda.<\/li>\n<li>El Pac 6500 es resistente al agua, al polvo y a otros elementos extra\u00f1os gracias a su filtro de membrana especial. Cuando el filtro se llena de suciedad, puede reemplazarlo usted mismo con toda facilidad y rapidez. El dispositivo estar\u00e1 listo para su uso en solo unos instantes.<\/li>\n<\/ul>\n<header class=\"accordion-header active\">\n<div class=\"left\">\n<h6>La r\u00e1pida prueba de funcionamiento ahorra tiempo y dinero<\/h6>\n<\/div>\n<\/header>\n<div class=\"accordion-panel\">\n<ul>\n<li>\u200bLas pruebas de funcionamiento y las calibraciones se pueden llevar a cabo, con especial eficiencia, en la estaci\u00f3n de calibraci\u00f3n Dr\u00e4ger X-dock<sup>\u00ae<\/sup>. Las pruebas autom\u00e1ticas de funcionamiento de la estaci\u00f3n X-dock constituyen una soluci\u00f3n pr\u00e1ctica y rentable, gracias a su corta duraci\u00f3n y a un consumo de gas de prueba extremadamente bajo. Basta con colocar el Dr\u00e4ger Pac 6500 en la estaci\u00f3n de prueba de gas; seguidamente, se seleccionar\u00e1 la configuraci\u00f3n correcta de forma autom\u00e1tica.<\/li>\n<\/ul>\n<\/div>\n<\/div>\n<p>&nbsp;<\/p>\n<\/div>\n<\/div>\n<\/header>\n<div class=\"accordion-panel\"><\/div>\n<\/div>\n<\/div>\n<\/div>\n<\/div>\n<\/div>\n","protected":false},"excerpt":{"rendered":"<p><a href=\"https:\/\/www.draeger.com\/Products\/Content\/pac-6500-pi-9103913-es-es.pdf\">Ficha t\u00e9cnica<\/a><\/p>\n","protected":false},"featured_media":986,"comment_status":"open","ping_status":"closed","template":"","meta":{"site-sidebar-layout":"default","site-content-layout":"default","ast-global-header-display":"","ast-main-header-display":"","ast-hfb-above-header-display":"","ast-hfb-below-header-display":"","ast-hfb-mobile-header-display":"","site-post-title":"","ast-breadcrumbs-content":"","ast-featured-img":"","footer-sml-layout":"","theme-transparent-header-meta":"default","adv-header-id-meta":"","stick-header-meta":"","header-above-stick-meta":"","header-main-stick-meta":"","header-below-stick-meta":""},"product_cat":[64],"product_tag":[],"_links":{"self":[{"href":"https:\/\/corporacionsolintec.com\/tiendacr\/wp-json\/wp\/v2\/product\/981"}],"collection":[{"href":"https:\/\/corporacionsolintec.com\/tiendacr\/wp-json\/wp\/v2\/product"}],"about":[{"href":"https:\/\/corporacionsolintec.com\/tiendacr\/wp-json\/wp\/v2\/types\/product"}],"replies":[{"embeddable":true,"href":"https:\/\/corporacionsolintec.com\/tiendacr\/wp-json\/wp\/v2\/comments?post=981"}],"wp:featuredmedia":[{"embeddable":true,"href":"https:\/\/corporacionsolintec.com\/tiendacr\/wp-json\/wp\/v2\/media\/986"}],"wp:attachment":[{"href":"https:\/\/corporacionsolintec.com\/tiendacr\/wp-json\/wp\/v2\/media?parent=981"}],"wp:term":[{"taxonomy":"product_cat","embeddable":true,"href":"https:\/\/corporacionsolintec.com\/tiendacr\/wp-json\/wp\/v2\/product_cat?post=981"},{"taxonomy":"product_tag","embeddable":true,"href":"https:\/\/corporacionsolintec.com\/tiendacr\/wp-json\/wp\/v2\/product_tag?post=981"}],"curies":[{"name":"wp","href":"https:\/\/api.w.org\/{rel}","templated":true}]}}